ors of j(1).
3, 13
Let u(s) be the first derivative of s**4/2 - 4*s**3/3 + 2*s**2 - 5*s - 2. List the prime factors of u(4).
3, 5
Let f = -1495 + 2901. List the prime factors of f.
2, 19, 37
Let q(c) = 7*c**2 - 4*c + 15. Let z be q(4). Suppose 5*r - 102 = -3*u + z, 0 = 4*r - 2*u - 188. What are the prime factors of r?
3, 5
Let v = -28 - -28. Suppose -3*s + 6*s - 4*g - 125 = v, 4*g = 2*s - 78. What are the prime factors of s?
47
Suppose -5*p + 5 + 85 = 0. List the prime factors of 4/p + 4728/108.
2, 11
Suppose 5*m - 5501 = -4*r, 5*r + 74*m = 78*m + 6907. What are the prime factors of r?
7, 197
Suppose 8 - 5 = u. Suppose -5*l = -r - 174, u*l - 4*r - 50 = 2*l. List the prime factors of l.
2, 17
List the prime factors of 1164 + 0 + 18/(-2).
3, 5, 7, 11
Suppose 2*f = -h - h + 452, 4*h = f - 216. Suppose p + p = f. Suppose -2*g + 78 = 2*q, 0 = -3*g + q - 5*q + p. What are the prime factors of g?
2, 11
Suppose 4*i - 2*b = 24, -b = -1 - 1. Suppose -3*a + i - 1 = 0. What are the prime factors of (-36)/(-3) + (a - 0)?
2, 7
Suppose -8*j + 15 = -7*j. Suppose -2070 = -j*z - 0*z. What are the prime factors of z?
2, 3, 23
Let t be 13/3 - (-1)/(-3). What are the prime factors of 6270/121 + t/22?
2, 13
Suppose -9*x + 14*x - 4*f - 39 = 0, -3*x + 2*f + 23 = 0. What are the prime factors of x?
7
Let d be (-12)/(-54) + (-1058)/(-18). Let s = d + 54. Let g = s - 77. List the prime factors of g.
2, 3
Suppose 202 = 4*j - 70. Let t = j - 46. What are the prime factors of t?
2, 11
Let z(r) = -r**3 + r**2 - 9*r + 516. List the prime factors of z(0).
2, 3, 43
Let q(k) = -k**3 + 10*k**2 - 11*k - 7. What are the prime factors of q(8)?
3, 11
Let x = -114 + 230. Suppose m - x = -m. Suppose -142 = -5*k + m. What are the prime factors of k?
2, 5
Suppose -5*x + 16*x - 3146 = 0. List the prime factors of x.
2, 11, 13
Let b be -2 + (-1 - -1) + -1. Let r be 40 - b*3/(-9). Let c = r + -20. List the prime factors of c.
19
Suppose 0*z - 22 = -z. Let p = -3 - -8. Suppose p*b = 23 + z. What are the prime factors of b?
3
Let r = -288 - -633. What are the prime factors of r?
3, 5, 23
What are the prime factors of (52/10)/((-2 - -3)/40)?
2, 13
Let r(f) = -f**3 + 44*f**2 + 32*f - 55. List the prime factors of r(44).
3, 11, 41
Let c = 175 + -104. Let a be -2 + 0 - (-38 - -1). Let b = c - a. List the prime factors of b.
2, 3
Let u(k) = -220*k - 127. List the prime factors of u(-2).
313
Let r(h) = 6*h**2 + 32*h + 56. What are the prime factors of r(-10)?
2, 3, 7
Suppose 0 = -2*n + 4*o + 2524, 16*n - 2549 = 14*n - o. What are the prime factors of n?
2, 3, 53
Let r be (-18)/6 + (-1 - -6). Suppose 2*v - 92 = -j + 6*v, r*j = -3*v + 162. List the prime factors of j.
2, 3, 7
What are the prime factors of (3 - 0)*(8 - (-6 - -1))?
3, 13
Let r(s) = -3*s - 7. Let k be r(-7). Suppose y + 0*y - k = 0. Suppose 3*x = x + y. What are the prime factors of x?
7
Suppose -28*f = -30*f + 396. Suppose -3*k + 2*v = -199, -4*k + 3*v + f = -k. List the prime factors of k.
67
Let b = 285 - 141. Let f = b + -82. List the prime factors of f.
2, 31
Let x be (-2)/9 - (-84)/(-108). Let a(d) = -4*d**3 + d + 1. Let q be a(x). Suppose -72 = -4*m - 3*o, -q*m - 3*o + 6*o + 96 = 0. What are the prime factors of m?
3, 7
Suppose -21 = 3*p - d, -4*d = 3*p + d + 3. Let m be (-2)/(-3) - (-172)/p. Let v = m + 56. What are the prime factors of v?
2, 7
Suppose n = a - 48 - 193, 477 = 2*a - 3*n. What are the prime factors of a?
2, 3, 41
Let t be (-2)/(-5) - 8/(-5). Suppose -2*k - t*a = -9 - 9, -4*k + 16 = -a. List the prime factors of k.
5
Let r(d) = -d**3 + 10*d**2 - 10*d + 6. Let i be r(9). List the prime factors of (i + (-39)/(-9))*30.
2, 5
Suppose 25*k = 29*k. Let m = k + 45. What are the prime factors of m?
3, 5
Let m be (84/10)/((-12)/(-80)). Suppose 14*r - 10*r = -112. Let i = m + r. List the prime factors of i.
2, 7
Let l = -233 - 1461. List the prime factors of l/(-8) - (-5)/20.
2, 53
Let b(k) = -18*k + 6*k + 10*k + 9. Let h be b(0). List the prime factors of 1/(-1) + (21 - h).
11
Suppose 274 + 3950 = 4*z. List the prime factors of z.
2, 3, 11
Let a(n) = -4*n + 10. Let i(c) = -c + 3. Let q(v) = -2*a(v) + 7*i(v). Let d be q(-1). Suppose d*z = 2*b + 3*z - 8, b + z = 6. List the prime factors of b.
2, 5
Suppose 5*q + 3*m = 5084, q + 3*m + 293 - 1317 = 0. What are the prime factors of q?
5, 7, 29
Let i = 1100 - 228. What are the prime factors of i?
2, 109
Suppose -3 = o - 10. Suppose 5*k - o - 8 = 0. Suppose -k*s + b = -0*s - 71, -79 = -3*s - b. List the prime factors of s.
5
Suppose 2*q + 8 = -0*q + 5*y, 3*q - 5*y = -7. Let f = 11 - q. Suppose 3*g = g + f, 5*c + 5*g = 185. List the prime factors of c.
2
Suppose -5*g - 10*r + 13*r + 1023 = 0, 430 = 2*g + 4*r. List the prime factors of g.
3, 23
Let y(s) = -s**3 - 11*s**2 - 10*s + 12. Let a be y(-10). Suppose -a = -6*m + 3*m. Suppose 4*f + 9 = m*v + 37, -v - 43 = -4*f. What are the prime factors of f?
2, 3
Let g(q) = 7*q**2 - 6*q**2 - 6 - 8*q + 0*q**2 + 17. List the prime factors of g(0).
11
Let g be ((-2)/(-3))/(2/(-504)*-7). Suppose 0 = -8*v + g*v - 128. List the prime factors of v.
2
Suppose -2*r + 5*p = 9, 6*r - p = 5*r. What are the prime factors of ((-34)/(-2) + r)/(6/3)?
2, 5
Let l = 31 - 17. Let d = 25 - l. List the prime factors of d.
11
Let w = 499 - 53. What are the prime factors of w?
2, 223
Let w = 285 - 101. What are the prime factors of w - (8 - 4 - -1)?
179
Let l be (-10 + 13)*(1 + -7)/2. List the prime factors of (l - -49)*(-12)/(-10).
2, 3
Let l(a) = 3*a**2 - 14*a - 128. What are the prime factors of l(-13)?
3, 11, 17
Let v(d) = -d**3 - 26*d**2 - 31*d + 36. Suppose -14*l = -15*l - 25. What are the prime factors of v(l)?
2, 3, 31
Suppose -2*m - 6 = -3*l - 0, 16 = 4*m + l. Suppose m*h + 342 = -3*h. Let n = -9 - h. What are the prime factors of n?
2, 3
Let u = -6912 - -11216. List the prime factors of u.
2, 269
Let c(s) be the first derivative of 1/4*s**4 + 7*s**2 - 10/3*s**3 - 8*s + 8. List the prime factors of c(9).
37
Let s = -4420 - -6926. List the prime factors of s.
2, 7, 179
Suppose 70 = -5*d + 7*d. Suppose 0 = 2*w - d - 3. Let p = 2 + w. List the prime factors of p.
3, 7
Suppose 4*o + 2 + 18 = h, -3*o + h - 16 = 0. Let d = -841 + 837. List the prime factors of 65 + o + (d - -6).
3, 7
Let o be 1/((-4)/36) - -3. Let i be o*((-2)/4)/1. Suppose -i*r + 59 + 1 = 0. List the prime factors of r.
2, 5
Let w = 12 - 7. Let p(y) = -w*y + 4 - 4*y + 1 + 3*y. What are the prime factors of p(-6)?
41
Suppose -8*v - 160 = -3*v. Let f be (v/(-24))/(8/18). Suppose f*h = 5*h - 10. What are the prime factors of h?
5
List the prime factors of -5 - (-493 - 1 - 9).
2, 3, 83
Suppose -5*j + 1717 = -t, 9 = -0*t + 3*t. What are the prime factors of j?
2, 43
Let r(b) = -b**3 - 3*b**2 + 2*b - 8. Suppose -5*s - 3 - 17 = 0. Let f be r(s). Suppose -3*a + 48 + 84 = f. What are the prime factors of a?
2, 11
Suppose 2*l = 0, -85*d + 3*l + 70 = -84*d. What are the prime factors of d?
2, 5, 7
What are the prime factors of (-6)/45 - 4681/(-30)*4?
2, 3, 13
Let k(o) = o**2 - 10*o + 12. Let t be k(9). Let i be 67 + 12/4 - t. Let j = i + -33. List the prime factors of j.
2, 17
Let r(q) = -9*q**2 + q. Let l = 0 + -1. Let z be r(l). Let t = -4 - z. What are the prime factors of t?
2, 3
Let j be -77 + (0 + 2)*-2. What are the prime factors of j/4*24/(-9)?
2, 3
Let m = -107 - -309. Suppose -2083 = -9*y - m. List the prime factors of y.
11, 19
Let i be 2*-1*21/6. Let q be (-36)/126 + (-2)/i. Suppose q*h + 92 = 4*h. List the prime factors of h.
23
What are the prime factors of (-2)/22 + (-711150)/(-363) - -7?
2, 983
Suppose 5*m = 15, -6*j + 2*m = -4*j - 56. Suppose i - 22 - j = 0. List the prime factors of i.
53
Suppose -9*t + 27 = -36. Suppose -3 = 4*u - t, 5*r - 1113 = -3*u. List the prime factors of r.
2, 3, 37
Let j = -3 - -3. Let u = j + 1. Let s(f) = 45*f**3 - 2*f**2 - f + 2. What are the prime factors of s(u)?
2, 11
What are the prime factors of (46233/22)/((-3)/(-2))?
3, 467
Suppose 151 = 3*w + 31. Suppose -c - 4*r = -4*c + 43, w = 4*c - r. List the prime factors of ((-9)/(-4))/(c/24).
2, 3
Let g = 2468 + -1759. What are the prime factors of g?
709
What are the prime factors of -16 + 12 - (-1 + -1510)?
11, 137
Let g = 7 + 8. List the prime factors of g/(-3)*(-5)/1.
5
Let u(s) = 3*s**2 + 46*s - 4. 